ainder when 326 is divided by 82?
80
Calculate the remainder when 225 is divided by 2.
1
What is the remainder when 436 is divided by 70?
16
What is the remainder when 1347 is divided by 333?
15
What is the remainder when 118269 is divided by 16?
13
What is the remainder when 33 is divided by 6?
3
What is the remainder when 930 is divided by 36?
30
Calculate the remainder when 185 is divided by 95.
90
What is the remainder when 28782 is divided by 101?
98
Calculate the remainder when 234 is divided by 102.
30
Calculate the remainder when 1779 is divided by 99.
96
Calculate the remainder when 165 is divided by 42.
39
Calculate the remainder when 1199 is divided by 25.
24
Calculate the remainder when 28 is divided by 11.
6
What is the remainder when 86 is divided by 22?
20
What is the remainder when 104 is divided by 22?
16
What is the remainder when 925 is divided by 32?
29
What is the remainder when 5127 is divided by 18?
15
What is the remainder when 523 is divided by 165?
28
Calculate the remainder when 150 is divided by 78.
72
Calculate the remainder when 356 is divided by 91.
83
What is the remainder when 4206 is divided by 5?
1
What is the remainder when 4976 is divided by 79?
78
What is the remainder when 447 is divided by 244?
203
Calculate the remainder when 483 is divided by 476.
7
What is the remainder when 77 is divided by 27?
23
What is the remainder when 2880 is divided by 43?
42
What is the remainder when 1910 is divided by 58?
54
What is the remainder when 7270 is divided by 72?
70
What is the remainder when 1678 is divided by 154?
138
What is the remainder when 1515 is divided by 37?
35
Calculate the remainder when 508 is divided by 16.
12
What is the remainder when 3372 is divided by 838?
20
Calculate the remainder when 2517 is divided by 60.
57
Calculate the remainder when 1274 is divided by 29.
27
What is the remainder when 85 is divided by 22?
19
What is the remainder when 929 is divided by 17?
11
What is the remainder when 714 is divided by 345?
24
Calculate the remainder when 741 is divided by 284.
173
What is the remainder when 333 is divided by 21?
18
Calculate the remainder when 4607 is divided by 96.
95
Calculate the remainder when 128 is divided by 53.
22
What is the remainder when 201 is divided by 23?
17
Calculate the remainder when 4854 is divided by 539.
3
Calculate the remainder when 477 is divided by 30.
27
What is the remainder when 6864 is divided by 34?
30
Calculate the remainder when 71 is divided by 23.
2
Calculate the remainder when 3009 is divided by 35.
34
What is the remainder when 16021 is divided by 327?
325
Calculate the remainder when 18196 is divided by 280.
276
Calculate the remainder when 948 is divided by 311.
15
Calculate the remainder when 154 is divided by 77.
0
What is the remainder when 4168 is divided by 97?
94
Calculate the remainder when 1316 is divided by 1286.
30
What is the remainder when 140 is divided by 16?
12
What is the remainder when 58 is divided by 10?
8
Calculate the remainder when 31395 is divided by 188.
187
Calculate the remainder when 284 is divided by 11.
9
Calculate the remainder when 114 is divided by 66.
48
Calculate the remainder when 413 is divided by 19.
14
Calculate the remainder when 2221 is divided by 131.
125
What is the remainder when 1578 is divided by 91?
31
Calculate the remainder when 1093 is divided by 1093.
0
Calculate the remainder when 208 is divided by 41.
3
Calculate the remainder when 162 is divided by 84.
78
Calculate the remainder when 1309 is divided by 69.
67
What is the remainder when 3 is divided by 1?
0
Calculate the remainder when 442 is divided by 21.
1
Calculate the remainder when 5401 is divided by 5397.
4
Calculate the remainder when 879 is divided by 110.
109
What is the remainder when 513 is divided by 86?
83
Calculate the remainder when 7720 is divided by 2570.
10
What is the remainder when 446 is divided by 114?
104
What is the remainder when 105 is divided by 14?
7
Calculate the remainder when 327 is divided by 71.
43
What is the remainder when 21 is divided by 4?
1
Calculate the remainder when 2888 is divided by 59.
56
What is the remainder when 487 is divided by 62?
53
Calculate the remainder when 150 is divided by 19.
17
Calculate the remainder when 2819 is divided by 4.
3
Calculate the remainder when 879 is divided by 11.
10
What is the remainder when 79 is divided by 28?
23
What is the remainder when 406 is divided by 83?
74
What is the remainder when 475 is divided by 52?
7
Calculate the remainder when 4016 is divided by 39.
38
Calculate the remainder when 6048 is divided by 13.
3
Calculate the remainder when 8099 is divided by 162.
161
Calculate the remainder when 110 is divided by 48.
14
What is the remainder when 77 is divided by 38?
1
Calculate the remainder when 443 is divided by 145.
8
Calculate the remainder when 2219 is divided by 112.
91
Calculate the remainder when 209 is divided by 69.
2
Calculate the remainder when 59 is divided by 16.
11
Calculate the remainder when 379 is divided by 120.
19
Calculate the remainder when 613 is divided by 123.
121
Calculate the remainder when 1998 is divided by 16.
14
Calculate the remainder when 229 is divided by 23.
22
What is the remainder when 523 is divided by 60?
43
Calculate the remainder when 160 is divided by 29.
15
What is the remainder when 753 is divided by 18?
15
Calculate the remainder when 22 is divided by 3.
1
What is the remainder when 246 is divided by 62?
60
Calculate the remainder when 1368 is divided by 680.
8
Calculate the remainder when 311 is divided by 24.
23
Calculate the remainder when 521 is divided by 21.
17
Calculate the remainder when 206 is divided by 62.
20
Calculate the remainder when 933 is divided by 55.
53
Calculate the remainder when 118 is divided by 61.
57
Calculate the remainder when 132 is divided by 17.
13
What is the remainder when 180 is divided by 73?
34
Calculate the remainder when 186 is divided by 38.
34
What is the remainder when 388 is divided by 100?
88
Calculate the remainder when 103 is divided by 18.
13
Calculate the remainder when 160 is divided by 28.
20
What is the remainder when 4923 is divided by 7?
2
What is the remainder when 72 is divided by 26?
20
Calculate the remainder when 9509 is divided by 3166.
11
What is the remainder when 354 is divided by 165?
24
Calculate the remainder when 1646 is divided by 11.
7
What is the remainder when 1238 is divided by 165?
83
Calculate the remainder when 584 is divided by 22.
12
Calculate the remainder when 620 is divided by 12.
8
What is the remainder when 364 is divided by 49?
21
What is the remainder when 886 is divided by 46?
12
Calculate the remainder when 15314 is divided by 14.
12
What is the remainder when 1734 is divided by 20?
14
Calculate the remainder when 392 is divided by 2.
0
What is the remainder when 2727 is divided by 35?
32
What is the remainder when 361 is divided by 28?
25
Calculate the remainder when 395 is divided by 51.
38
Calculate the remainder when 133 is divided by 38.
19
Calculate the remainder when 567 is divided by 80.
7
What is the remainder when 17796 is divided by 51?
48
Calculate the remainder when 77 is divided by 16.
13
What is the remainder when 2082 is divided by 16?
2
Calculate the remainder when 288 is divided by 243.
45
Calculate the remainder when 2504 is divided by 109.
106
What is the remainder when 483 is divided by 49?
42
What is the remainder when 1022 is divided by 31?
30
What is the remainder when 36 is divided by 14?
8
What is the remainder when 1430 is divided by 41?
36
What is the remainder when 591 is divided by 123?
99
Calculate the remainder when 55 is divided by 28.
27
What is the remainder when 80 is divided by 12?
8
Calculate the remainder when 64 is divided by 18.
10
What is the remainder when 175 is divided by 102?
73
Calculate the remainder when 362 is divided by 61.
57
What is the remainder when 2274 is divided by 43?
38
Calculate the remainder when 205 is divided by 35.
30
What is the remainder when 937 is divided by 20?
17
Calculate the remainder when 2877 is divided by 18.
15
Calculate the remainder when 97 is divided by 13.
6
What is the remainder when 2504 is divided by 2501?
3
What is the remainder when 831 is